02 (base 5) to base 9.
4040
What is 2293 (base 13) in base 14?
1aa8
Convert 2882 (base 9) to base 14.
b1a
113221 (base 4) to base 8
2751
What is -3764 (base 13) in base 6?
-100212
What is 22c8 (base 13) in base 7?
20163
10001 (base 3) to base 10
82
What is 512222 (base 6) in base 8?
117366
What is -21153 (base 9) in base 13?
-6495
Convert 340032 (base 5) to base 11.
8a31
Convert -1010111001 (base 2) to base 14.
-37b
Convert -3088b (base 12) to base 7.
-353015
Convert -6633 (base 8) to base 4.
-312123
Convert -4623 (base 11) to base 12.
-3623
Convert -3232 (base 4) to base 2.
-11101110
-12021102 (base 3) to base 6
-25445
5da (base 16) to base 12
a4a
What is -2411 (base 5) in base 14?
-1b6
13a0 (base 15) to base 13
1bb1
-30a (base 14) to base 2
-1001010110
What is -3194 (base 10) in base 11?
-2444
Convert 776 (base 9) to base 4.
21330
-304 (base 5) to base 13
-61
What is 75567 (base 8) in base 6?
402155
Convert 65663 (base 7) to base 4.
10001030
What is 69 (base 13) in base 10?
87
31341 (base 5) to base 13
c53
-12025 (base 11) to base 3
-212202212
Convert 200202 (base 3) to base 10.
506
What is -4a77 (base 12) in base 7?
-33421
-100011101001 (base 2) to base 16
-8e9
226 (base 7) to base 4
1312
Convert 375 (base 14) to base 4.
22303
-2130122 (base 4) to base 2
-10011100011010
-1212 (base 7) to base 11
-37a
Convert -3d4 (base 16) to base 10.
-980
What is 110110210 (base 3) in base 14?
3457
Convert -40113 (base 7) to base 14.
-3743
What is 24613 (base 10) in base 16?
6025
54 (base 15) to base 3
2221
What is 775 (base 10) in base 14?
3d5
Convert -169a (base 14) to base 7.
-14553
2b32 (base 12) to base 3
20222002
What is -416b (base 16) in base 9?
-24867
What is 524 (base 13) in base 10?
875
Convert -4223 (base 6) to base 14.
-4bd
Convert -1827 (base 15) to base 3.
-21011001
1011011101 (base 2) to base 10
733
Convert -aa (base 16) to base 3.
-20022
-224 (base 11) to base 14
-152
Convert 15 (base 11) to base 16.
10
Convert 21200201 (base 3) to base 2.
1010111101000
Convert -2c (base 14) to base 4.
-220
-45155 (base 6) to base 8
-14277
-136424 (base 7) to base 9
-40042
What is 961 (base 16) in base 3?
10021221
Convert 6458 (base 14) to base 16.
43ae
Convert -1010110110000 (base 2) to base 3.
-21121122
What is 33749 (base 11) in base 5?
3030231
What is -113034 (base 8) in base 7?
-220015
Convert -2678 (base 10) to base 5.
-41203
Convert 2801 (base 16) to base 2.
10100000000001
10011011011 (base 2) to base 6
5431
What is 2622 (base 11) in base 4?
311110
212030 (base 5) to base 15
21b0
Convert baa (base 12) to base 7.
4666
Convert 231200 (base 5) to base 7.
33125
Convert 230234 (base 5) to base 13.
3964
-1880 (base 14) to base 4
-1011020
Convert -14415 (base 9) to base 4.
-2121113
Convert -1100001001 (base 2) to base 10.
-777
What is 111223 (base 5) in base 11?
2a60
What is 131201 (base 7) in base 6?
305112
Convert 16845 (base 9) to base 3.
120221112
Convert 57451 (base 8) to base 13.
b11c
What is 790 (base 10) in base 13?
48a
1186 (base 11) to base 2
11000001010
What is 2101122 (base 4) in base 13?
430b
-1254 (base 10) to base 12
-886
What is -47351 (base 8) in base 11?
-141a5
266 (base 13) to base 5
3142
Convert -2352 (base 6) to base 11.
-480
-13150 (base 7) to base 2
-110110111010
26661 (base 7) to base 13
3378
Convert 1231423 (base 5) to base 15.
7193
-43320 (base 6) to base 12
-3540
6258 (base 9) to base 3
20021222
What is 3021 (base 15) in base 7?
41416
Convert 32a (base 16) to base 2.
1100101010
201000 (base 3) to base 2
1000000001
Convert 498 (base 10) to base 9.
613
-46 (base 7) to base 6
-54
Convert -111100100100001 (base 2) to base 9.
-46474
Convert 2030002 (base 4) to base 3.
110021221
What is aa3 (base 14) in base 15?
953
Convert 276 (base 14) to base 13.
2c2
Convert -8d1 (base 16) to base 14.
-b73
-577 (base 8) to base 15
-1a8
What is 5b7 (base 16) in base 5?
21323
Convert -11100113 (base 4) to base 16.
-5417
Convert -5949 (base 16) to base 13.
-a533
What is 50980 (base 11) in base 13?
27b19
Convert 4800 (base 11) to base 7.
24226
What is -2450 (base 8) in base 6?
-10040
Convert 101011 (base 4) to base 12.
771
Convert 22452 (base 6) to base 3.
11101112
What is 10002111 (base 3) in base 7?
6400
1110100010 (base 2) to base 9
1243
Convert 201231 (base 4) to base 14.
b01
-1000200 (base 3) to base 6
-3243
What is 12418 (base 12) in base 13?
b38a
-3301 (base 4) to base 5
-1431
Convert 4551 (base 13) to base 3.
111022020
102103 (base 4) to base 9
1541
What is a72 (base 11) in base 7?
3521
What is -445 (base 10) in base 15?
-1ea
Convert 370 (base 8) to base 3.
100012
2101 (base 6) to base 4
13111
Convert -137 (base 11) to base 16.
-a1
Convert 8181 (base 12) to base 8.
33361
-6407 (base 12) to base 9
-16017
452d (base 14) to base 2
10111011011101
-7f3e (base 16) to base 11
-22523
What is 3091 (base 13) in base 15?
1ec4
17b6 (base 15) to base 7
20634
What is 101001111 (base 2) in base 4?
11033
Convert -638 (base 11) to base 3.
-1001102
What is 337c (base 13) in base 10?
7201
What is -1c7 (base 15) in base 8?
-634
What is -2353 (base 7) in base 15?
-3d1
1236 (base 11) to base 13
970
-1725 (base 12) to base 15
-c45
-eff6 (base 16) to base 11
-42176
Convert -19257 (base 10) to base 15.
-5a8c
-11000201 (base 3) to base 14
-10d9
1004210 (base 5) to base 15
4bda
Convert -13200 (base 5) to base 2.
-10000011010
101101000110000 (base 2) to base 8
55060
-4d2 (base 14) to base 6
-4252
Convert -b6f (base 16) to base 10.
-2927
Convert 7dc7 (base 14) to base 16.
55ab
Convert 28a0 (base 11) to base 5.
104430
What is -18c3 (base 14) in base 9?
-6131
Convert -10010221022 (base 3) to base 7.
-345344
7c6 (base 16) to base 7
5542
What is -3142 (base 5) in base 7?
-1142
2787 (base 9) to base 3
2212221
What is -11000011110 (base 2) in base 3?
-2011000
What is 30e2 (base 15) in base 3?
112011212
What is -10300131 (base 4) in base 6?
-230113
Convert 1461 (base 8) to base 16.
331
Convert -1320 (base 11) to base 7.
-5001
What is 2034220 (base 5) in base 10?
33685
What is -3622 (base 11) in base 14?
-1a2b
What is 123003 (base 5) in base 10?
4753
What is -10011100111 (base 2) in base 16?
-4e7
Convert -211212 (base 3) to base 6.
-2505
14912 (base 12) to base 5
1411313
Convert -43102 (base 5) to base 16.
-b56
141 (base 7) to base 13
60
42613 (base 7) to base 9
15471
What is -614 (base 11) in base 16?
-2e5
-a633 (base 12) to base 7
-104004
Convert -6462 (base 9) to base 8.
-11222
What is 39f7 (base 16) in base 15?
45e4
What is 17a24 (base 11) in base 15?
76e9
-2065 (base 7) to base 10
-733
-21313 (base 4) to base 14
-331
What is -22101011 (base 3) in base 10?
-6106
What is -21b (base 13) in base 4?
-11222
-758 (base 14) to base 10
-1450
-1177 (base 9) to base 6
-4024
30200 (base 7) to base 16
1c85
What is 1530 (base 11) in base 6?
13041
Convert -2233211 (base 4) to base 10.
-11237
-375 (base 11) to base 9
-544
Convert -51512 (base 6) to base 15.
-208e
-27357 (base 8) to base 10
-12015
-2032032 (base 4) to base 12
-5326
Convert 11100101011100 (base 2) to base 3.
202010212
10111212 (base 3) to base 11
1a19
Convert -11c (base 15) to base 4.
-3330
-2435 (base 8) to base 16
-51d
Convert -11221100 (base 3) to base 14.
-1452
-15151 (base 6) to base 16
-98b
742 (base 10) to base 12
51a
Convert -323 (base 16) to base 5.
-11203
What is -7aa2 (base 14) in base 12?
-103ba
What is -110220 (base 3) in base 14?
-1ac
Convert -826 (base 12) to base 10.
-1182
What is 3b86 (base 16) in base 6?
154314
What is 11242 (base 5) in base 9?
1113
312 (base 4) to base 8
66
What is 11000 (base 2) in base 4?
120
Convert 1982 (base 10) to base 6.
13102
What is 24121 (base 5) in base 14?
918
-1211132 (base 4) to base 7
-24635
Convert -4912 (base 15) to base 4.
-3302312
What is 150 (base 8) in base 7?
206
Convert -1b42 (base 12) to base 6.
-23322
Convert -230 (base 8) to base 2.
-10011000
What is 145241 (base 6) in base 7?
56134
-17119 (base 11) to base 3
-1020001120
1417 (base 8) to base 11
652
Convert -1d6c (base 15) to base 11.
-48a0
11591 (base 10) to base 3
120220022
111011011 (base 2) to base 12
337
Convert 64a5 (base 15) to base 4.
11030321
-154 (base 12) to base 3
-21201
Convert 322 (base 13) to base 16.
217
Convert 200 (base 16) to base 13.
305
Convert -776 (base 13) to base 11.
-a64
What is 133123 